{"id":40,"date":"2024-05-07T19:12:29","date_gmt":"2024-05-08T01:12:29","guid":{"rendered":"https:\/\/2.anartist.org\/artista\/manumonroy\/?page_id=40"},"modified":"2024-05-25T12:27:26","modified_gmt":"2024-05-25T18:27:26","slug":"poesia","status":"publish","type":"page","link":"https:\/\/2.anartist.org\/artista\/manumonroy\/?page_id=40","title":{"rendered":"Poes\u00eda"},"content":{"rendered":"\n<h1 class=\"wp-block-heading\">poes\u00eda (libros publicados)<\/h1>\n\n\n\n<p><em><strong>El [llanto del] crep\u00fasculo<\/strong><\/em>, Ed. Hebel, Chile, 2017.<\/p>\n\n\n\n<div class=\"wp-block-media-text is-stacked-on-mobile\" style=\"grid-template-columns:17% auto\"><figure class=\"wp-block-media-text__media\"><img loading=\"lazy\" decoding=\"async\" width=\"200\" height=\"300\" src=\"https:\/\/2.anartist.org\/artista\/manumonroy\/wp-content\/uploads\/2024\/05\/2021-07-2160f9d7ebc561c_300h.jpg\" alt=\"\" class=\"wp-image-78 size-full\"\/><\/figure><div class=\"wp-block-media-text__content\">\n<p><em>El [llanto del] crep\u00fasculo<\/em> manifiesta, desde lo po\u00e9tico, la sensaci\u00f3n de haber rasgado el velo del sinsentido frente a las respuestas aparentes de las tradiciones m\u00edsticas de occidente; frente al silencio que implica la muerte y el arrojo de seguir existiendo. En este su segundo libro de poemas, Manuel Monroy Correa alumbra una di\u00e1logo posible, de car\u00e1cter m\u00edstico, siempre como una pregunta; como una aseveraci\u00f3n de una forzosa realidad de la que, tambi\u00e9n en un acaso esperanzado, felizmente se escape.<\/p>\n\n\n\n<p>Puede decirse que <em>El [llanto del ] crep\u00fasculo<\/em> se suma a la tradici\u00f3n po\u00e9tica que dialoga o reflexiona con lo divino y de cuyo manifiesto silencio nace, no la b\u00fasqueda de respuestas, sino una forma de afirmar un padecimiento.<\/p>\n\n\n\n<p><a href=\"https:\/\/www.academia.edu\/33425780\/El_llanto_del_Crep%C3%BAsculo_poes%C3%ADa_Manuel_Monroy_Correa_2017_?source=swp_share\">Descarga<\/a><\/p>\n\n\n\n<figure class=\"wp-block-embed is-type-rich is-provider-issuu wp-block-embed-issuu\"><div class=\"wp-block-embed__wrapper\">\n<iframe title=\"El [llanto del] Crep\u00fasculo. Poes\u00eda (2017). Manuel Monroy Correa\" src=\"https:\/\/e.issuu.com\/embed.html?u=hebel.ediciones&#038;d=2017_-_el__llanto_del__crepusculo_-\" style=\"border:none; width: 500px; height: 383px;\" allow=\"clipboard-write,allow-top-navigation,allow-top-navigation-by-user-activation,allow-downloads,allow-scripts,allow-same-origin,allow-popups,allow-modals,allow-popups-to-escape-sandbox,allow-forms\"  allowfullscreen=\"true\"><\/iframe>\n<\/div><\/figure>\n<\/div><\/div>\n\n\n\n<p><strong><em>Principia Chaotica (Dissolutio<\/em> seguido de <em>Irarum Mare)<\/em><\/strong>, Ed. Beyond Dimensions, 2023.<\/p>\n\n\n\n<div class=\"wp-block-media-text is-stacked-on-mobile\" style=\"grid-template-columns:16% auto\"><figure class=\"wp-block-media-text__media\"><img loading=\"lazy\" decoding=\"async\" width=\"640\" height=\"1024\" src=\"https:\/\/2.anartist.org\/artista\/manumonroy\/wp-content\/uploads\/2024\/05\/Principia-Chaotica-1-640x1024.jpg\" alt=\"\" class=\"wp-image-63 size-full\" srcset=\"https:\/\/2.anartist.org\/artista\/manumonroy\/wp-content\/uploads\/2024\/05\/Principia-Chaotica-1-640x1024.jpg 640w, https:\/\/2.anartist.org\/artista\/manumonroy\/wp-content\/uploads\/2024\/05\/Principia-Chaotica-1-188x300.jpg 188w, https:\/\/2.anartist.org\/artista\/manumonroy\/wp-content\/uploads\/2024\/05\/Principia-Chaotica-1-768x1229.jpg 768w, https:\/\/2.anartist.org\/artista\/manumonroy\/wp-content\/uploads\/2024\/05\/Principia-Chaotica-1-960x1536.jpg 960w, https:\/\/2.anartist.org\/artista\/manumonroy\/wp-content\/uploads\/2024\/05\/Principia-Chaotica-1-1280x2048.jpg 1280w, https:\/\/2.anartist.org\/artista\/manumonroy\/wp-content\/uploads\/2024\/05\/Principia-Chaotica-1-scaled.jpg 1600w\" sizes=\"auto, (max-width: 640px) 100vw, 640px\" \/><\/figure><div class=\"wp-block-media-text__content\">\n<p>Reunidos en el <em>PRINCIPIA CHAOTICA<\/em>, los poemarios <em>DISSOLUTIO <\/em>e <em>IRARUM MARE<\/em> se siguen uno al otro como correspondencias estelares de algo que debe ser propio de la poes\u00eda tardomoderna: el espacio donde transcurre otra cosa que el cometido po\u00e9tico, despu\u00e9s de los presupuestos ontoteol\u00f3gicos de la cultura dominante. Si, en clave heideggeriana, el \u00fanico dios capaz de salvar es el dios de los poetas, \u00bfqu\u00e9 sucede cuando el sentido de lo absoluto queda por soplar; cuando las ruinas est\u00e1n hechas polvo? Si despu\u00e9s de la disoluci\u00f3n viene la ira del mar, entonces una er\u00f3tica del poema est\u00e1 por surgir. Manuel Monroy Correa da cuenta de que el decir po\u00e9tico se libra de su signo.<\/p>\n\n\n\n<iframe loading=\"lazy\" width=\"100%\" height=\"150\" scrolling=\"no\" frameborder=\"no\" src=\"https:\/\/audio.anartist.org\/embed.html?&amp;type=track&amp;id=38436\"><\/iframe>\n<\/div><\/div>\n\n\n\n<ul class=\"wp-block-list\">\n<li><em><strong>Llamada\/Clamor al\/de olvido<\/strong> <\/em>(Ed. Beyond Dimensions, 2023)<\/li>\n<\/ul>\n\n\n\n<div class=\"wp-block-media-text is-stacked-on-mobile\" style=\"grid-template-columns:16% auto\"><figure class=\"wp-block-media-text__media\"><img loading=\"lazy\" decoding=\"async\" width=\"640\" height=\"1024\" src=\"https:\/\/2.anartist.org\/artista\/manumonroy\/wp-content\/uploads\/2024\/05\/LlamadaClamor-frente-640x1024.jpg\" alt=\"\" class=\"wp-image-64 size-full\" srcset=\"https:\/\/2.anartist.org\/artista\/manumonroy\/wp-content\/uploads\/2024\/05\/LlamadaClamor-frente-640x1024.jpg 640w, https:\/\/2.anartist.org\/artista\/manumonroy\/wp-content\/uploads\/2024\/05\/LlamadaClamor-frente-188x300.jpg 188w, https:\/\/2.anartist.org\/artista\/manumonroy\/wp-content\/uploads\/2024\/05\/LlamadaClamor-frente-768x1229.jpg 768w, https:\/\/2.anartist.org\/artista\/manumonroy\/wp-content\/uploads\/2024\/05\/LlamadaClamor-frente-960x1536.jpg 960w, https:\/\/2.anartist.org\/artista\/manumonroy\/wp-content\/uploads\/2024\/05\/LlamadaClamor-frente-1280x2048.jpg 1280w, https:\/\/2.anartist.org\/artista\/manumonroy\/wp-content\/uploads\/2024\/05\/LlamadaClamor-frente-scaled.jpg 1600w\" sizes=\"auto, (max-width: 640px) 100vw, 640px\" \/><\/figure><div class=\"wp-block-media-text__content\">\n<p>La palabra a flor de piel: <em><strong>Llamada\/Clamor al\/del olvido<\/strong><\/em> sugiere en cada poema otro m\u00e1s como alternativa. Leer es m\u00e1s que un acto de participaci\u00f3n: se hace poema en el mundo que ah\u00ed se pronuncia. \u00bfEs el poema una m\u00e1scara? \u00bfEs algo aun por conseguir? Su enunciaci\u00f3n cabalga las olas de lo er\u00f3tico, lo amoroso, el desamor y, en general, el deseo. Deseo que florece en homenaje a lo sensible (los entidos; la percepci\u00f3n m\u00e1s inmediata): la piel, el olor; una mirada, un acento apenas perceptible en el conjunto de<br>una posible realidad.<\/p>\n\n\n\n<p><\/p>\n<\/div><\/div>\n\n\n\n<div class=\"wp-block-columns is-layout-flex wp-container-core-columns-is-layout-28f84493 wp-block-columns-is-layout-flex\">\n<div class=\"wp-block-column is-layout-flow wp-block-column-is-layout-flow\">\n<p>Este traslape de discursos po\u00e9ticos no s\u00f3lo es tem\u00e1tico o figurativo sino estrat\u00e9gico, una forma muy original de la poli-vocidad discursiva que emana de la originalidad del autor. El lector no s\u00f3lo es seducido por los encantos est\u00e9ticos de la poes\u00eda, sino que se le pide su complicidad sin mordazas y sin tregua, \u00e9l\/ella arma los poemas y concluyen el trabajo po\u00e9tico en el acto mismo de la lectura. Este ingenioso desplazamiento le dota una singular fuerza connotativa que expande el sentido y amplifica la dimensi\u00f3n po\u00e9tica del texto. [&#8230;] En la poes\u00eda de Manuel Monroy Correa, la geograf\u00eda corp\u00f3rea es el escenario de un erotismo que contiene todos los tiempos, que abarca todo el cosmos y que se repliega hasta la reconditez de lo no dicho aun; lo no sentido, y aun de lo no pensado.<\/p>\n\n\n\n<p>-Ezra Viveros, poeta mexicano.<\/p>\n\n\n\n<h2 class=\"wp-block-heading\">poes\u00eda suelta<\/h2>\n\n\n\n<p><strong>\u00abHasta el fin hubo recorrido\u00bb<\/strong> publicado en <em>Beyond Dimensions <\/em>no. 1, 2023.<\/p>\n\n\n\n<figure class=\"wp-block-embed is-type-wp-embed is-provider-beyond-dimensions wp-block-embed-beyond-dimensions\" style=\"margin-right:var(--wp--preset--spacing--40);margin-left:var(--wp--preset--spacing--40)\"><div class=\"wp-block-embed__wrapper\">\n<blockquote class=\"wp-embedded-content\" data-secret=\"6fcqb5TLzK\"><a href=\"https:\/\/beyonddimensionsrevista.com\/hasta-el-fin-hubo-recorrido\/\">Hasta el fin hubo&nbsp;recorrido<\/a><\/blockquote><iframe loading=\"lazy\" class=\"wp-embedded-content\" sandbox=\"allow-scripts\" security=\"restricted\" style=\"position: absolute; visibility: hidden;\" title=\"\u00abHasta el fin hubo&nbsp;recorrido\u00bb \u2014 Beyond Dimensions\" src=\"https:\/\/beyonddimensionsrevista.com\/hasta-el-fin-hubo-recorrido\/embed\/#?secret=dSQiEHTHL6#?secret=6fcqb5TLzK\" data-secret=\"6fcqb5TLzK\" width=\"500\" height=\"282\" frameborder=\"0\" marginwidth=\"0\" marginheight=\"0\" scrolling=\"no\"><\/iframe>\n<\/div><\/figure>\n\n\n\n<figure class=\"wp-block-embed is-type-wp-embed is-provider-peertube wp-block-embed-peertube\"><div class=\"wp-block-embed__wrapper\">\n<iframe loading=\"lazy\" class=\"wp-embedded-content\" sandbox=\"allow-scripts\" security=\"restricted\" title=\"\u00abHasta el fin hubo recorrido\u00bb (poema; fragmento)\" width=\"500\" height=\"315\" src=\"https:\/\/video.anartist.org\/videos\/embed\/90cd07ff-2bb6-442a-b777-63c476d0fe14#?secret=m2FW06xa22\" data-secret=\"m2FW06xa22\" frameborder=\"0\"><\/iframe>\n<\/div><\/figure>\n<\/div>\n\n\n\n<div class=\"wp-block-column is-layout-flow wp-block-column-is-layout-flow\">\n<figure class=\"wp-block-embed is-type-wp-embed is-provider-beyond-dimensions wp-block-embed-beyond-dimensions\"><div class=\"wp-block-embed__wrapper\">\n<blockquote class=\"wp-embedded-content\" data-secret=\"5hNbVJhEUm\"><a href=\"https:\/\/beyonddimensionsrevista.com\/2024\/02\/27\/la-estancia-donde-se-cobijan-las-memorias\/\">La estancia donde se cobijan las&nbsp;memorias<\/a><\/blockquote><iframe loading=\"lazy\" class=\"wp-embedded-content\" sandbox=\"allow-scripts\" security=\"restricted\" style=\"position: absolute; visibility: hidden;\" title=\"\u00abLa estancia donde se cobijan las&nbsp;memorias\u00bb \u2014 Beyond Dimensions\" src=\"https:\/\/beyonddimensionsrevista.com\/2024\/02\/27\/la-estancia-donde-se-cobijan-las-memorias\/embed\/#?secret=7rvMtwppBd#?secret=5hNbVJhEUm\" data-secret=\"5hNbVJhEUm\" width=\"500\" height=\"282\" frameborder=\"0\" marginwidth=\"0\" marginheight=\"0\" scrolling=\"no\"><\/iframe>\n<\/div><\/figure>\n<\/div>\n\n\n\n<div class=\"wp-block-column is-layout-flow wp-block-column-is-layout-flow\"><\/div>\n<\/div>\n\n\n\n<div class=\"wp-block-buttons is-layout-flex wp-block-buttons-is-layout-flex\">\n<div class=\"wp-block-button\"><a class=\"wp-block-button__link wp-element-button\" href=\"https:\/\/2.anartist.org\/artista\/manumonroy\/\">principal<\/a><\/div>\n<\/div>\n","protected":false},"excerpt":{"rendered":"<p>poes\u00eda (libros publicados) El [llanto del] crep\u00fasculo, Ed. Hebel, Chile, 2017. Principia Chaotica (Dissolutio seguido de Irarum Mare), Ed. Beyond Dimensions, 2023. Reunidos en el PRINCIPIA CHAOTICA, los poemarios DISSOLUTIO e IRARUM MARE se siguen uno al otro como correspondencias estelares de algo que debe ser propio de la poes\u00eda tardomoderna: el espacio donde transcurre [&hellip;]<\/p>\n","protected":false},"author":1,"featured_media":0,"parent":0,"menu_order":0,"comment_status":"closed","ping_status":"closed","template":"","meta":{"footnotes":""},"class_list":["post-40","page","type-page","status-publish","hentry"],"_links":{"self":[{"href":"https:\/\/2.anartist.org\/artista\/manumonroy\/index.php?rest_route=\/wp\/v2\/pages\/40","targetHints":{"allow":["GET"]}}],"collection":[{"href":"https:\/\/2.anartist.org\/artista\/manumonroy\/index.php?rest_route=\/wp\/v2\/pages"}],"about":[{"href":"https:\/\/2.anartist.org\/artista\/manumonroy\/index.php?rest_route=\/wp\/v2\/types\/page"}],"author":[{"embeddable":true,"href":"https:\/\/2.anartist.org\/artista\/manumonroy\/index.php?rest_route=\/wp\/v2\/users\/1"}],"replies":[{"embeddable":true,"href":"https:\/\/2.anartist.org\/artista\/manumonroy\/index.php?rest_route=%2Fwp%2Fv2%2Fcomments&post=40"}],"version-history":[{"count":22,"href":"https:\/\/2.anartist.org\/artista\/manumonroy\/index.php?rest_route=\/wp\/v2\/pages\/40\/revisions"}],"predecessor-version":[{"id":195,"href":"https:\/\/2.anartist.org\/artista\/manumonroy\/index.php?rest_route=\/wp\/v2\/pages\/40\/revisions\/195"}],"wp:attachment":[{"href":"https:\/\/2.anartist.org\/artista\/manumonroy\/index.php?rest_route=%2Fwp%2Fv2%2Fmedia&parent=40"}],"curies":[{"name":"wp","href":"https:\/\/api.w.org\/{rel}","templated":true}]}}