{"id":108,"date":"2024-05-07T23:10:21","date_gmt":"2024-05-08T05:10:21","guid":{"rendered":"https:\/\/2.anartist.org\/artista\/manumonroy\/?page_id=108"},"modified":"2024-05-23T18:28:05","modified_gmt":"2024-05-24T00:28:05","slug":"traducciones","status":"publish","type":"page","link":"https:\/\/2.anartist.org\/artista\/manumonroy\/?page_id=108","title":{"rendered":"traducciones"},"content":{"rendered":"\n<h2 class=\"wp-block-heading\">traducciones<\/h2>\n\n\n\n<div class=\"wp-block-media-text is-stacked-on-mobile\" style=\"grid-template-columns:15% auto\"><figure class=\"wp-block-media-text__media\"><img loading=\"lazy\" decoding=\"async\" width=\"640\" height=\"1024\" src=\"https:\/\/2.anartist.org\/artista\/manumonroy\/wp-content\/uploads\/2024\/05\/AMARGO-BLUES-640x1024.jpg\" alt=\"\" class=\"wp-image-109 size-full\" srcset=\"https:\/\/2.anartist.org\/artista\/manumonroy\/wp-content\/uploads\/2024\/05\/AMARGO-BLUES-640x1024.jpg 640w, https:\/\/2.anartist.org\/artista\/manumonroy\/wp-content\/uploads\/2024\/05\/AMARGO-BLUES-188x300.jpg 188w, https:\/\/2.anartist.org\/artista\/manumonroy\/wp-content\/uploads\/2024\/05\/AMARGO-BLUES-768x1229.jpg 768w, https:\/\/2.anartist.org\/artista\/manumonroy\/wp-content\/uploads\/2024\/05\/AMARGO-BLUES-960x1536.jpg 960w, https:\/\/2.anartist.org\/artista\/manumonroy\/wp-content\/uploads\/2024\/05\/AMARGO-BLUES-1280x2048.jpg 1280w, https:\/\/2.anartist.org\/artista\/manumonroy\/wp-content\/uploads\/2024\/05\/AMARGO-BLUES-scaled.jpg 1600w\" sizes=\"auto, (max-width: 640px) 100vw, 640px\" \/><\/figure><div class=\"wp-block-media-text__content\">\n<p><em><strong>Amargo Blues<\/strong><\/em> abre las puertas a la vida nocturna del Harlem de la d\u00e9cada de 1920, haci\u00e9ndole part\u00edcipe del t\u00f3rrido y garboso movimiento art\u00edstico de expresi\u00f3n afroestadunidense de la \u00e9poca: Renacimiento de Harlem; el <em>blues <\/em>y el <em>jazz<\/em>. La noche, la oscuridad, la negritud son enunciaciones existenciales de una condici\u00f3n en la que el horizonte de la vida negra tiene abierto los umbrales del pasado y el futuro en un poemario que vindica su lugar hoy. Editado por completo por primera vez en Am\u00e9rica Latina y en edici\u00f3n biling\u00fce por Beyond Dimensions (2023).<\/p>\n<\/div><\/div>\n\n\n\n<div class=\"wp-block-media-text is-stacked-on-mobile\" style=\"grid-template-columns:15% auto\"><figure class=\"wp-block-media-text__media\"><img loading=\"lazy\" decoding=\"async\" width=\"634\" height=\"1024\" src=\"https:\/\/2.anartist.org\/artista\/manumonroy\/wp-content\/uploads\/2024\/05\/Lola-Ridge-634x1024.jpg\" alt=\"\" class=\"wp-image-110 size-full\" srcset=\"https:\/\/2.anartist.org\/artista\/manumonroy\/wp-content\/uploads\/2024\/05\/Lola-Ridge-634x1024.jpg 634w, https:\/\/2.anartist.org\/artista\/manumonroy\/wp-content\/uploads\/2024\/05\/Lola-Ridge-186x300.jpg 186w, https:\/\/2.anartist.org\/artista\/manumonroy\/wp-content\/uploads\/2024\/05\/Lola-Ridge-768x1241.jpg 768w, https:\/\/2.anartist.org\/artista\/manumonroy\/wp-content\/uploads\/2024\/05\/Lola-Ridge-951x1536.jpg 951w, https:\/\/2.anartist.org\/artista\/manumonroy\/wp-content\/uploads\/2024\/05\/Lola-Ridge-1268x2048.jpg 1268w, https:\/\/2.anartist.org\/artista\/manumonroy\/wp-content\/uploads\/2024\/05\/Lola-Ridge-scaled.jpg 1585w\" sizes=\"auto, (max-width: 634px) 100vw, 634px\" \/><\/figure><div class=\"wp-block-media-text__content\">\n<p>Antes de que se comenzara a hablar de los m\u00e1rgenes desde la teor\u00eda y la lectura posmodernista de lo art\u00edstico a mediados del siglo XX; antes de que la mirada deconstructiva cuestionara el logos falo-c\u00e9ntrico\u2026 <strong><em>El gueto y otros poemas<\/em><\/strong> deconstruye el sentido de \u00abmodernidad\u00bb desde lo liminar: siempre un umbral, una entrada o una salida. Pero al mismo tiempo, ninguna, pues el umbral no considera estar realmente en los lugares que se dividen a partir de \u00e9l. Estar que deviene posibilidad de encuentros donde no hay fatalidad (<em>th\u00e9los<\/em> innegable) sino relaci\u00f3n de colisiones y afectos. La enunciaci\u00f3n po\u00e9tica de Ridge no \u00abdesnuda\u00bb realidades o afirma identidades; hace presente lo sensible de la propia alteridad en la que todos participan, sin alienarse.<br><\/p>\n\n\n\n<p>-De la introducci\u00f3n<\/p>\n<\/div><\/div>\n\n\n\n<div class=\"wp-block-buttons is-layout-flex wp-block-buttons-is-layout-flex\">\n<div class=\"wp-block-button\"><a class=\"wp-block-button__link wp-element-button\" href=\"https:\/\/2.anartist.org\/artista\/manumonroy\/\">principal<\/a><\/div>\n<\/div>\n","protected":false},"excerpt":{"rendered":"<p>traducciones Amargo Blues abre las puertas a la vida nocturna del Harlem de la d\u00e9cada de 1920, haci\u00e9ndole part\u00edcipe del t\u00f3rrido y garboso movimiento art\u00edstico de expresi\u00f3n afroestadunidense de la \u00e9poca: Renacimiento de Harlem; el blues y el jazz. La noche, la oscuridad, la negritud son enunciaciones existenciales de una condici\u00f3n en la que el [&hellip;]<\/p>\n","protected":false},"author":1,"featured_media":0,"parent":0,"menu_order":0,"comment_status":"closed","ping_status":"closed","template":"","meta":{"footnotes":""},"class_list":["post-108","page","type-page","status-publish","hentry"],"_links":{"self":[{"href":"https:\/\/2.anartist.org\/artista\/manumonroy\/index.php?rest_route=\/wp\/v2\/pages\/108","targetHints":{"allow":["GET"]}}],"collection":[{"href":"https:\/\/2.anartist.org\/artista\/manumonroy\/index.php?rest_route=\/wp\/v2\/pages"}],"about":[{"href":"https:\/\/2.anartist.org\/artista\/manumonroy\/index.php?rest_route=\/wp\/v2\/types\/page"}],"author":[{"embeddable":true,"href":"https:\/\/2.anartist.org\/artista\/manumonroy\/index.php?rest_route=\/wp\/v2\/users\/1"}],"replies":[{"embeddable":true,"href":"https:\/\/2.anartist.org\/artista\/manumonroy\/index.php?rest_route=%2Fwp%2Fv2%2Fcomments&post=108"}],"version-history":[{"count":2,"href":"https:\/\/2.anartist.org\/artista\/manumonroy\/index.php?rest_route=\/wp\/v2\/pages\/108\/revisions"}],"predecessor-version":[{"id":180,"href":"https:\/\/2.anartist.org\/artista\/manumonroy\/index.php?rest_route=\/wp\/v2\/pages\/108\/revisions\/180"}],"wp:attachment":[{"href":"https:\/\/2.anartist.org\/artista\/manumonroy\/index.php?rest_route=%2Fwp%2Fv2%2Fmedia&parent=108"}],"curies":[{"name":"wp","href":"https:\/\/api.w.org\/{rel}","templated":true}]}}